*b - h. What is the hundreds digit of b?
4
Suppose 0 = -10*v - 39 + 9. What is the tens digit of (162/(-90))/(v/530)?
1
Let c = -20175 + 45152. What is the units digit of c?
7
Let x(d) be the third derivative of d**4/8 + 5*d**3/2 + 26*d**2 - 2. What is the units digit of x(-4)?
3
Suppose -2268720 = -22*i - 99*i + 49*i. What is the thousands digit of i?
1
What is the units digit of 11 - ((-14)/1 - 27572)?
7
Suppose 3556 = h - 2*q, 5*q + 7106 = -143*h + 145*h. What is the units digit of h?
8
Suppose 3*t - 9 + 0 = 2*i, 0 = -4*i - t + 17. Suppose -2*o = -i*m - 165, -7*m - 20 = -3*m. What is the tens digit of o?
7
Suppose -4*d = 3*s - 7295, 0 = -5*s + 23*d - 21*d + 12141. What is the units digit of s?
9
Suppose r - 90 = -8*r. What is the tens digit of 7784/r + 26/(-65)?
7
Let l be -2*-2*(-3)/3. Let p be (2 - 5) + 4 + l/(-1). Suppose -g = 2*m - 157, -3*m - p*g + 275 = 22. What is the tens digit of m?
7
Suppose -26*c + 2843414 = 140*c. What is the tens digit of c?
2
Let w(q) = 5*q**3 - q**2 + 7*q. Let i(t) = -6*t - 1. Let o(r) = i(r) + w(r). Let j be -2*2/8*-2. What is the units digit of o(j)?
4
Let q(w) = 3290*w**2 - 237*w + 462. What is the ten thousands digit of q(2)?
1
Let l(t) = -t**3 + 14*t**2 + 18*t + 20. Suppose 4*h - 3*g - 49 = 0, 7*g - 15 = 4*g. Let p be l(h). Let x = -136 - p. What is the units digit of x?
8
Let j be (-2)/((-35)/25 - -1). Suppose 2*o - 4*h = 68 + 42, 0 = -j*h - 10. Suppose -u = -160 - o. What is the units digit of u?
1
Let z be ((39/(-2))/1)/(9/(-72)). What is the tens digit of z + ((-4)/(-14))/(1/7)?
5
What is the tens digit of (-9)/27 + ((-3617)/(-2))/((-54)/(-612))?
9
Let r(t) = 8*t**3 - t**2 + t. Let o be r(-2). Let y(i) = 118*i**3 - 2*i**2 - 2*i - 1. Let a be y(-1). Let z = o - a. What is the tens digit of z?
4
Let q be (-7 - -136)*(-2)/(-18)*3. Suppose 0 = q*b - 39*b + 4*a - 852, -2*a = -b + 213. What is the tens digit of b?
1
Suppose -13*q + 15*q - 120 = 0. Suppose -57*s + q*s - 66 = 0. What is the tens digit of s?
2
Let d be (-2 - 1)*(-38)/6 + 1. Let m be (288/d)/(-4)*10/(-3). What is the units digit of (-12)/9*m/(-8) + 138?
0
Suppose 0 = -18*o + 111*o + 979272 - 3674319. What is the units digit of o?
9
Let d(x) be the third derivative of -x**6/40 + x**5/20 - x**4/6 + 85*x**2. What is the hundreds digit of d(-6)?
7
Let f(c) = 35*c + 94. Let x(l) = 12*l + 32. Let a(d) = 3*f(d) - 8*x(d). What is the tens digit of a(19)?
9
Let h(i) = 274*i**2 - 9*i - 9. Let o = 748 - 749. What is the units digit of h(o)?
4
Suppose 839*r + 58501 = 832*r + 223673. What is the units digit of r?
6
Let l(z) = 178*z**2 + 18*z + 57. What is the thousands digit of l(-9)?
4
Suppose 658*k + t - 254263 = 654*k, -3*k = 5*t - 190693. What is the units digit of k?
6
Suppose -k - a + 1 = -0*k, 0 = -3*a - 9. Suppose -98 = -6*y + k*y. Suppose -y = -9*p + 149. What is the units digit of p?
2
Suppose -2*m = 4*y - 2, -1 = -4*y + m - 2. Suppose 0 = -5*l + 4*k + 1765, y = -3*l + k - 0*k + 1066. What is the units digit of l?
7
Let f = -462 + 700. What is the units digit of (-3694)/(-28) + 17/f?
2
Let a be 6*4/48*16. Suppose w + a*q - 3*q = 129, -3*w + 4*q + 292 = 0. What is the units digit of w?
4
What is the hundreds digit of 39721 - (4 + -1 + -6 + 4)?
7
Let b be ((-14)/(-5))/((6/(-3))/(-40)). Let f = 56 - b. Suppose f = 2*m - 2, -4*n + 333 - 16 = 5*m. What is the tens digit of n?
7
Let j(v) = -230*v + 3027. What is the units digit of j(7)?
7
Suppose -5*n - 4975 = 200. Let i = n + 538. Let u = -330 - i. What is the hundreds digit of u?
1
Let n(f) = 10*f + 124. Let d be n(-11). Let u(h) = 4*h**2 - 6*h + 105. What is the tens digit of u(d)?
0
Suppose 0 = 1765*v - 1775*v + 1860. What is the units digit of v?
6
Let i(f) = f + 12. Let w be i(-5). Suppose -w*q - 5*k + 25 = -2*q, -5*q + 3*k = -57. Suppose 4*y - q = 31. What is the tens digit of y?
1
Suppose 4220*m = 4190*m + 570990. What is the units digit of m?
3
Let v(l) = 80*l + 376. Let m = -609 - -615. What is the tens digit of v(m)?
5
Let g(d) = -d**2 - 6*d - 2. Let s be g(-3). Let a = -713 - -1609. What is the units digit of s + 44/(-6) - a/(-6)?
9
Suppose -2 = y, i + 0*i + 4*y - 14 = 0. Suppose 5*j + 7 = i. What is the tens digit of (2*7)/((-1)/(-6)*j)?
2
Suppose 143*w - 2838728 = 2859965. What is the thousands digit of w?
9
Suppose 12349824 = 474*y - 10*y. What is the thousands digit of y?
6
Suppose -2*t + 4*u - 6*u = 438, -t - 225 = -5*u. Let f be t*(0 + -4)/8. Suppose 0 = 5*a + 4*x - 502, a - 3*x - x = f. What is the units digit of a?
2
Suppose 78 = -8*d + 142. Suppose d*v = -6*v + 4998. What is the units digit of v?
7
Suppose 24*a - 27*a = 21. Let q = a - -17. What is the hundreds digit of -5 + q + 169 + 2 + -1?
1
Let b(x) = -17*x + 48. Let w(g) = -14*g + 49. Let f(i) = 3*b(i) - 4*w(i). What is the units digit of f(23)?
3
Suppose -4*l = 2*i - 73028, 4*l - 11*i + 12*i = 73032. What is the ten thousands digit of l?
1
Let y(i) be the third derivative of 671*i**6/120 + 2*i**5/15 - i**4/3 - i**3/6 - 15*i**2 + 6. What is the units digit of y(1)?
0
Suppose 0 = 3*d + t - 13, 2*d - 4*d - 5*t + 13 = 0. Suppose -2*c = -5*c + 2*n + 12, 0 = -4*c - 4*n - d. What is the tens digit of 60/(4/(-8) + c)?
4
Suppose 0 = -17*j + 14*j + 2811. Suppose -12*q + j = -2135. Let n = q - 156. What is the hundreds digit of n?
1
What is the tens digit of 6*(-1 + (-84490)/(-4))/9?
8
Suppose -50*p - 6*p + 1057929 = 73*p. What is the tens digit of p?
0
Suppose -3*u - 5*t = -7511, -75*t = -76*t + 1. What is the thousands digit of u?
2
Suppose -4*o = 2*i - 2474, 6*i - 8*i + 3*o + 2481 = 0. What is the tens digit of i?
3
Let k be (-54)/(-4)*60/18. Suppose k*c - 32*c - 4368 = 0. What is the tens digit of c?
3
Let g = 87297 + -9267. What is the tens digit of g?
3
Let c = -5110 - -13987. What is the units digit of c?
7
Let z(g) = -3*g**3 - g**2 + g. Let k be z(2). Let h be (-23)/(-7) + k/91. Suppose -3*j = -c + 27, h*c + j - 160 = -39. What is the units digit of c?
9
Suppose 796 + 23 = 7*x. Let u = 284 - x. What is the tens digit of u?
6
Let t be (-75)/((-6)/(-4) - 2). Let i be (-236)/6*(3 + (-39)/26). Let p = i + t. What is the tens digit of p?
9
Let m = 23 + -22. Let z be 12 - m - (1 + 1). Suppose -z = -c - 3*c + 5*p, 4 = c - 3*p. What is the units digit of c?
1
What is the thousands digit of 1/(-15 - (-4513878)/300924)?
6
What is the thousands digit of ((-146)/8)/(-4*(-20)/(-60800))?
3
Suppose s = -2*f + 6*s + 25, -7 = -f - 3*s. What is the tens digit of (55 - -13)*(-1 - f/(-8))?
1
What is the ten thousands digit of 798624/56 + (-7)/49?
1
Suppose 10553 + 4285 = 6*y. Let x = y - 1132. What is the units digit of x?
1
Let g be 36/10 + (-2)/((-80)/(-24)). Suppose -g = -5*q + 1977. What is the hundreds digit of q?
3
Let s = 429 - 428. What is the thousands digit of (s - 2343)*-3*2/12?
1
Let r(v) be the third derivative of v**4/4 - 5*v**3/3 + 9*v**2. Let n be r(4). What is the tens digit of (-8 + 18)/(0 - (-1)/n)?
4
Let o = 486 - 435. Suppose y - 451 = o. What is the tens digit of y?
0
Let h(l) = 29*l**2 - 17*l - 209. What is the ten thousands digit of h(-21)?
1
Suppose 7*y - 96 - 51 = 0. Let w be 4/(y + 3) + (-3418)/(-12). Suppose 9*c - w - 714 = 0. What is the units digit of c?
1
Let q(s) = -s**3 - 11*s**2 + 11*s - 8. Let d = -52 - -40. Let m be q(d). Suppose j + 4*g = 125, -2*j + m*j = 5*g + 289. What is the tens digit of j?
3
What is the tens digit of 8075 - (7 + -11 + 1 + 8)?
7
Suppose -4*a + 0 = 2*n - 2, -2*a + 16 = -2*n. Let r(u) be the second derivative of u**4/6 - u**3/6 - 3*u**2/2 - 519*u. What is the tens digit of r(a)?
1
Let a(r) = 485*r + 6. What is the hundreds digit of a(10)?
8
Suppose 3*l - 2*h - 64 = 0, 44 + 60 = 5*l - 4*h. Let w be l - 0 - 4/1. What is the units digit of (-1566)/(-22) + w/(-110)?
1
What is the hundreds digit of 18 + 175/(-10) - (-18962)/4?
7
Let r(b) be the first derivative of -b**4/4 + 2*b**3/3 - 7*b**2/2 + 13*b - 26. Let x be r(3). What is the tens digit of 3 - (0 + x)*-7*-1?
2
Suppose -1 = -i, i - 23663 = -5*o + 42993. What is the ten thousands digit of o?
1
Let b(j) = 1408*j**3 - 5*j**2 + 7*j - 6. Let s be b(2). Suppose -c + s = 28*c. What is the hundreds digit of c?
3
Suppose -31*k + 24 + 38 = 0. What is the tens digit of 2985*(-9)/(-81) + k/6?
3
Let u be (1 + 23/4)*32/(-12). Let a(l) = -l**3 - 16*l*